- -10) + 2 - (-27 - -29)?
15
Calculate 9 + (-39 - (-7 - 2 - (27 - 35))).
-29
What is 17 + -17 + (4 - (4 + 0) - 2)?
-2
What is (3282 - 3278) + (2 - -10) + 2?
18
Evaluate 20 - (3 + (1 + 1 - (-24 - -24))).
15
Evaluate 8 - (43 + -7 - 18).
-10
-7 + 8 + -2 + -22 + (8 - 1)
-16
7 + -2 - -9 - 3
11
What is the value of 2 + (7 - (-6 + 27 - (6 - -1)))?
-5
Calculate -16 - ((-30 - -38) + 2 + -9).
-17
(40 + -20 - 17) + 1
4
-344 - -345 - ((-5 - 0) + 1)
5
What is 14 - ((-3 - 11 - -17) + -7)?
18
What is the value of 49 - (103 - 71) - (1 - (-2 - -1))?
15
Evaluate (-5 + 5 - 7) + -21 + 11.
-17
Calculate (25 - -20 - 28) + (1 - 40).
-22
Calculate 11 + -1 + 1 + (-51 - (5 + -62)).
17
Evaluate -4 + (-9 - (-3 + 9 + -11)).
-8
What is the value of -21 + 14 + (-11 + 4 - -2)?
-12
Calculate 5 + (3 - 9) + 1 - (-32 - -15).
17
Calculate (2 + 0 - (18 - 12)) + -2.
-6
Evaluate (0 - -1) + (-3 - 13) - -12.
-3
(-43 - -3) + 19 - (1 + -7)
-15
What is (8 - 3 - 3 - -1) + -493 + 482?
-8
Evaluate 3 + 3 + -9 - (-57 + 65).
-11
1 + -6 + (-72 - -73)
-4
Calculate 22 - 26 - (-4 + 1 - -2).
-3
Evaluate -12 + -14 + 5 + 38.
17
What is the value of -11 + -9 + 20 + -2 + (2 - 1)?
-1
What is -1 + 3 + -4 + (-6 - -4)?
-4
What is 8 + (8 + -9 + 3 - 8)?
2
Evaluate (11 - (-1 - -7) - -7) + -7.
5
What is the value of -800 - -825 - (22 - 2)?
5
Evaluate (5 + (-2 - 11) - -1) + 30.
23
Evaluate -23 - 0 - (-6 - (-14 + 11)).
-20
Calculate 4 + 18 + 3 + 0 + (-10 - -10).
25
Evaluate 12 + -6 + -9 - (-3 + 5).
-5
Calculate (-98 - -90) + (-1 - -12) + -5.
-2
4 + (-11 - (-9 + 9 + -5 + 7))
-9
Evaluate 9 + (-5 - 1 - -11) + (-7 - -2).
9
What is the value of -112 - -101 - (-30 + 1) - (-11 + 1)?
28
Calculate 11 + (9 - 5 - 7) + 15 + -21.
2
Calculate -3 - (-6 + (1 - 4)) - (2 + -6).
10
What is the value of (-4 - (-1 - 10)) + 3 - (-9 + 0)?
19
Evaluate (3 - 12 - (53 + -52)) + 3.
-7
-6 - (-10 + 1 + (7 + -10 - -3))
3
Calculate -4 - (-3 + -6) - (19 - 3).
-11
Calculate 4 + -7 + 3 - (-3 + -3 + 7).
-1
What is 13 - 27 - ((4 - 0) + 0)?
-18
What is the value of (-16 + 30 - 16) + 19?
17
Evaluate (-11 - (-5 - -4)) + -16 + (-17 - -22).
-21
43 - 49 - (-10 + 11)
-7
What is the value of -11 - (-5 - 7 - -3 - -10)?
-12
What is the value of (4 + 3 - -2) + -10 + 0?
-1
What is 3 + -3 + -22 + (1 - (-14 + 13))?
-20
What is the value of 15 + -30 + 42 - 19?
8
What is the value of -8 - ((5 - -10) + -26 - -17)?
-14
Evaluate -14 + 1 + 15 + 8 + -9 + 0.
1
Calculate 1 + -26 + -3 + 26.
-2
Evaluate 0 + 10 + (-4 - 0) - (11 - -6).
-11
-2 - ((29 - 6) + (-13 - -9))
-21
What is the value of -2 + -3 - -4 - (16 - -5 - 8)?
-14
What is the value of -88 - -92 - (-2 + (-12 - -1))?
17
6 - 0 - 15 - 0 - (-5 - 13)
9
Calculate -1 + -8 + (-1251 - -1252).
-8
1 - (4 + 20) - -25
2
Evaluate (1 - 3) + 2 + 31 + -36 + 20.
15
21 + -1 + -31 + 12
1
What is (18 - 55) + (14 - -4)?
-19
What is (-6 - (0 - -1)) + -127 + -12 + 160?
14
What is the value of (8 - (-6 - (-6 + -4))) + -11?
-7
What is (16 - 2) + -22 - -6?
-2
19 - (53 + -22 - 17)
5
What is -16 + 15 - -4 - (-7 + (1 - 2))?
11
What is -24 - ((13 - 6) + -20)?
-11
What is the value of -14 - (5 - 20) - -3?
4
What is the value of (-38 - (15 - 22)) + 45?
14
(-41 - (-37 + -10)) + (1 - 18)
-11
What is 4 - ((1 - 9) + 0 + -1 + 0)?
13
Calculate -8 + 2 - (-4 - -6 - 0).
-8
What is the value of -6 + 1 - -1 - (4 - (-5 + 4))?
-9
Calculate -23 + 11 + 8 - -3.
-1
Calculate 8 - (9 + (-13 - 1) - -27).
-14
(4 - 21) + 2 - ((-3 - 1) + -1)
-10
Evaluate (11 - 1 - (52 - 33)) + (6 - -1).
-2
What is -7 + (3 - 1 - -2 - (-9 + 4))?
2
Calculate -951 + 920 + 1 + 6.
-24
What is 8 - 0 - (1 - (6 - -1))?
14
What is the value of -3 - (25 - (-3 - -30))?
-1
What is the value of 1 - (31 + 1) - (-475 - -470)?
-26
0 - (-4 + 2 - (2 - (3 + 6)))
-5
-20 + 13 + -12 + 12
-7
Calculate -1 + -3 - (53 - 63).
6
Calculate -1 - (-3 + -4) - (5 + 2 - 10).
9
14 - (13 - (8 + -3)) - 6 - 14
-14
-19 - 1 - 0 - (-17 + 4 + 8)
-15
What is the value of (-19 - -11) + 14 + 0 - (9 - 1)?
-2
Calculate -4 - (-4 + (3 - 12 - -4) + 3).
2
What is the value of (-16 - (-2 + -7)) + 13 + -1?
5
Evaluate (-13 + -8 - -59) + -33.
5
What is 100 + -132 + (1 - -31)?
0
Evaluate 36 + (4 + 12 - (26 + 3)).
23
What is 6 + 1 - (-21 + 26) - 10?
-8
-77 + 84 + (-3 - -11) + -15
0
Calculate 16 + -1 + (-10 - -13 - 26).
-8
-5 + -8 + 3 + (3 - 3)
-10
Evaluate 4 + 0 + -1 + 3.
6
What is (3 - 0) + (-14 - -10)?
-1
What is 29 + 1 + (-701 - -652)?
-19
-3 - (-27 + 12 + -3 + (-1 - 1))
17
Calculate (-4 + 7 - (8 + -12)) + 1.
8
What is -11 + 10 + (0 - -1) + 8?
8
10 + (-18 - -3) + (6 - 10)
-9
13 + 3 + -10 + 0 + 2 + 5
13
Calculate (0 - -6) + (-44 - (-29 + -21)).
12
What is -6 + -9 + 6 - (2 + 25 - 14)?
-22
Evaluate (701 - 705) + 0 + 2 + 13.
11
Calculate -19 + (8 - 21 - -26).
-6
Evaluate 14 - (12 - (2 - (-6 + -1 + 5))).
6
What is the value of 11 - (19 - (-11 + 9))?
-10
Calculate 18 + 3 + -4 + (23 - 17).
23
What is the value of -6 + ((2 + 1 - 7) + 9 - -1)?
0
Evaluate 10 + -20 + (-2 - -13).
1
-44 + 68 + -15 - (3 - 1 - 7)
14
What is 11 + -6 + (-2 - 10)?
-7
Evaluate 7 + -4 + (-19 - -3).
-13
6 + (-3 - (-4 + 5) - 2) + -2
-2
Calculate 12 + -1 + 2 + (-18 - -28) + -6.
17
What is (13 + 10 - 16) + -20?
-13
What is 21 - ((15 - 20) + 11)?
15
Evaluate 3 + -1 + 50 + -66 + 8.
-6
What is (4 - 14 - (0 + 0)) + 6?
-4
Calculate 2 + (-8 - 2) + 1 + 7 + -7.
-7
30 - (-4 + -14 + 57)
-9
Evaluate 250 + -268 - (-20 - -2).
0
What is 14 + 1 - (-36 + 49)?
2
Evaluate -35 + (32 - 3) - 4.
-10
Evaluate (4 + 0 - (4 - (-4 - -2))) + -6.
-8
What is (-5 - -2) + (3 - 3 - -8 - 10)?
-5
What is the value of (5 - 36) + -4 + (15 - -11) + -15?
-24
(1 - -2) + (1 - -4 - (-3 - -9))
2
What is 0 - (14 - (-10 + 10 + 4))?
-10
What is 18 + (-18 - -12 - 26)?
-14
What is -4 + -7 + (12 - -6)?
7
What is -9 + 14 - (-63 - -64)?
4
What is the value of -63 + 50 - ((3 - -3) + -6)?
-13
Evaluate -15 + (-2 - -4) + 12 + -3.
-4
2 - -10 - 1 - (-15 + 14) - -3
15
-67 - -73 - (-1 + 7) - 2
-2
What is (19 - 38) + -4 + 15?
-8
Calculate (4 - (-2 - -6 - -6)) + -10 + 5.
-11
What is 70 + -62 + -8 + -1 + 0?
-1
17 + (-20 - 3) + (10 - -2)
6
Evaluate 1 + -11 + (1 - (6 - 2)).
-13
-4 + -2 + 4 - (-3 - 3 - -16)
-12
Evaluate -6 + (-1 - (2 + -1) - 3) + 15.
4
Evaluate 8 + 9 + -2 + -31.
-16
What is 7 + 18 + (14 + -1 - 22)?
16
What is (17 - (2 - 9) - 13) + 10?
21
Evaluate 74 + -37 + -63 - (1 + -16).
-11
Calculate (42 - (22 + 30)) + (28 - 1).
17
-11 + (-6 - (22 + -39))
0
-5 + (0 - (3 - (8 + 0)))
0
What is 15 - 8 - (24 - (-5 + 10))?
-12
Calculate 3 - (6 + -4) - -9 - (213 - 221).
18
Evaluate -182 - -190 - (-6 - 0) - -2.
16
What is 11 + 0 + -4 + 5 - 29?
-17
What is -2 + -3 + 3 + 5 + 1 + -14?
-10
Evaluate -707 + 715 + (2 - (-1 - 9)).
20
Calculate -30 + -9 + 27 - -23 - -19.
30
Evaluate -11 + (-2 + 0 - (9 - 4)).
-18
4 + -6 + -5 + 3 + -3
-7
Evaluate 11 - (16 + -4 + (-1 - 1) - 3).
4
Calculate (-191 - -181) + -12 + 13 + 1 + -12.
-20
What is 2 + -3 - (-2 - -2 - (-1 + 1))?
-1
Evaluate -53 + 63 + 0 + -17.
-7
Evaluate -2 - -8 - (33 + 5 + -42).
10
What is the value of -8 + 12 + 0 + 4 + (-1 - 1)?
6
What is the value of -50 - -72 - (0 - -22)?
0
What is (-3 + 9 - (20 - 23)) + 18 + -10?
17
What is the value of (14 + -17 - -17) + (-16 - -7)?
5
1 + -6 + -78 + (39 - -20)
-24
Evaluate (1 - -10) + -15 - (-2 - 4).
2
Evaluate -35 + -10 + 57 + (-1 - 1).
10
What is the value of (3 - 5) + (-48 - -19)?
-31
Evaluate -7 + 6 + -5 + (11 - -1).
6
What is the value of ((1 - 11) + 14 - 1) + -39?
-36
What is 8 - (0 + -7 - (10 - 25 - -21))?
21
Calculate -25 + 59 - 9 - 11.
14
What is 17 - (8 + (-10 + 4 - -4) - 1)?
12
18 + (-6 - 17) - 0
-5
Calculate (0 - 3) + (26 - 7 - 7).
9
Evaluate (7 - 22) + 26 + -12.
-1
Evaluate -278 + 265 + 5 + (2 - 2).
-8
What is 1 + -15 - ((-19 - -2) + 18)?
-15
Evaluate 2 + 0 - (-9 - (-15 + (-6 - 0))).
-10
-16 - (-8 - 12) - ((1 - -1) + -6)
8
What is -2 - 4 - (4 + (14 - 27))?
3
Evaluate 0 + 12 - (5 - -7).
0
Calculate 7 - (-10 + 26) - 6.
-15
What is -87 + 120 + -7 + -2 - -5?
29
What is (-4 - (-4 - (4 - (-6 - -5)))) + 1?
6
What is -28 - ((-3 - -2) + 10 + 99 + -116)?
-20
Calculate (16 - 4) + -5 + (26 - 11) + -4.
18
7 - (-40 - -39 - (-2 - 34))
-28
Evaluate -6 - (-2 + -20 + 8).
8
14 + (-8 - 8) - (0 - (1 - 2))
-3
Calculate -183 + 188 + -12 + 3.
-4
What is the value of (0 - 10 - (15 + -21)) + 0 + -7?
-11
What is the value of (-3 - -18 - 29) + 6?
-8
-5 - (26 + -39 + -13 + 